93 + 124 - 40.
17
What is -31 + (40 - (-46 - -51))?
4
Evaluate 121 - (-22 - (38 + -46 + -50)).
85
Evaluate 44 - ((-6 - 8) + 2 - (5 - (7 - 2))).
56
Calculate 1 - (10 + -7 - 27) - (10 - (-13 + 27)).
29
Calculate (31 - 1 - (186 - 267)) + -31.
80
-2 - (-2 + -1) - (-9 - (-5 + 0 + -3))
2
-53 + 16 + (-35 - (-47 - -22))
-47
What is the value of -36 + (-16 - -39 - 12) + 0?
-25
43 + 4 + 1950 + -1859
138
Evaluate (3 - -4) + (-8 + (2 - (-24 - -12)) - -3).
16
What is the value of 37 - 84 - (-37 + 5)?
-15
Calculate -47 - (22 - 26 - (-2 + -25)).
-70
36 + 0 + (-35 - -72) + -37 + -10
26
Calculate (37 - 69) + 18 - (3 + (5 - 43)).
21
-18 + (-94 - -96 - (1 - 21))
4
(-1 - 31) + -2 + 16 + -27 + -27 + 50
-22
Evaluate 15 - (5 - ((-90 - 9) + -7)) - -15.
-81
What is (79 - 148) + (-7 - -2 - -17) + 2 + -5?
-60
3 + ((4 - (6 + 3)) + -9 - (43 + -1))
-53
What is the value of -20 + (-22 - -48) + (17 - -2) + -2 + 0?
23
Calculate -30 - 8 - ((6 - (12 + 0)) + -6).
-26
What is 45 + 8 + -12 + 3 + (-5 - 4)?
35
What is the value of -134 + 91 + (4 - (9 - 4)) + 2?
-42
11 - (-7 + (-21 - (-54 + 40)))
25
Calculate (5 - -7) + 7 - (-15 - (3 - 7)).
30
Evaluate 42 - (-3 - (19 - 13)) - 31.
20
What is the value of -21 + -56 + -110 + 259?
72
Calculate 13 - (4 - (2 + 25 + -2 - 14)).
20
Evaluate -2088 - -2210 - (1 + 109).
12
Evaluate (7 - (-4 - -20) - 10) + (10 - -5) + -5.
-9
What is the value of 0 - 7 - ((-116 - -232) + -111)?
-12
Evaluate 261 - 233 - (-28 + (-8 - -3)).
61
99 - (2 - (-1 - (-20 - -20)))
96
Evaluate (-8 + 1 + -11 + 30 - 9 - 8) + 54.
49
What is -4 + 12 - 12 - (-3 + (8 - 13 - 34))?
38
11 - (-10 + 24) - ((6 - 1) + (30 - 3))
-35
What is the value of (-72 - -12) + -26 + 144?
58
What is the value of -14 - (1 + -2 - (-38 - (-8 + -32)))?
-11
What is 34 + -91 + (-3 - -25 - 9) + -7?
-51
Evaluate 10 + 31 - 40 - 46.
-45
50 + 15 + (-12 - -42 - 30)
65
(454 - 429) + -53 + 1 - ((2 - -7) + -3)
-33
What is the value of (-80 - -34) + 73 + -64?
-37
-3 + -5 + 1 + -5 + (-102 - (33 + -29))
-118
What is the value of 2 + 1 + -4 + -54 + 5 + -29 + 13?
-66
What is (-1 - -3) + -1 - 6 - (-12 - -40 - 17)?
-16
-27 + -62 + 68 - (45 - 1)
-65
Calculate (20 - 15 - -6) + 10.
21
What is the value of 48 + (-1 - 16) + (1 - (0 + 6)) + 14?
40
What is 11 - (1 - 1) - -3 - (19 - 30 - 10)?
35
37 + -108 - -29 - 13
-55
Calculate -86 - (-167 + 46 + 39).
-4
What is the value of 27 - (-23 - -18 - -35) - (26 + -1)?
-28
Calculate (50 + -49 - -34) + -3.
32
Evaluate -11 + 0 + 22 + 4 + -7 + -105 - 0.
-97
Evaluate -26 + (72 - (18 - (57 - -3))).
88
Calculate 23 + (-97 - -23) - -58.
7
What is 0 - -34 - (178 + -98)?
-46
-34 - (11 + (5 - (2 + 7 - 2) - 17))
-26
19 - (1 + -5 - (24 - (-116 + 170)))
-7
Evaluate 0 + -34 + 10 + 14.
-10
Calculate -13 + -1 + (58 - 28) + 11 + -22 + 112.
117
Evaluate -52 + 1 + 6 + 123.
78
Evaluate (2 - (-3 + -37)) + (149 - 60) + -88.
43
(1 - -94) + (4717 - 4917)
-105
Calculate 13 + (-19 + -5 + 13 - -13).
15
Calculate (128 + -51 - 83) + -1 + -5.
-12
What is the value of -16 + (1 - (-21 + 18 - -44))?
-56
What is the value of (-195 - (-229 - -23)) + (-27 - -2)?
-14
Evaluate -123 - (27 - 67 - 68).
-15
-584 - -570 - (-4 - (8 + -82))
-84
Evaluate (1 + 7 - (-10 + 11 - 0)) + (-48 - 8).
-49
What is the value of (-10 - 1) + 2 - (-5228 + 5203 - (-171 - 1))?
-156
What is -13 + -2 + 12 + -9 + -99 + 71?
-40
15 + 2 - (744 - 785)
58
Evaluate (-19 + -4 - (72 - 79)) + 12.
-4
What is the value of (1664 - 1655 - (0 - -2)) + -1 + -48 + 2?
-40
What is the value of -203 + 181 - (15 + -19)?
-18
Evaluate 45 + -10 - (-486 + 468).
53
Evaluate -12 + (-36 - -40) + 0 + -15 - -4.
-19
What is (644 - 721) + 0 + 31?
-46
Calculate (6 + (-22 - (-9 - 3)) - 8) + 9.
-3
What is the value of (-21 + 37 - (7 + 13)) + -114 - -18?
-100
Evaluate -1 + 2 + -5 + -3 + -12 + -1.
-20
What is -5 - (-56 + (-53 - -74))?
30
Evaluate -57 + -20 - -177 - 60.
40
Calculate -49 + 14 + (11 - -5).
-19
Calculate (-66 - -71) + -36 - -14.
-17
What is the value of 23 - (22 + -12 + (-14 - -25) - 10)?
12
Evaluate 3 - (-3 - -5) - (-1145 + 1144).
2
Evaluate (21 - 83) + (1 + -14 - (-61 + 54)).
-68
What is -114 - ((32 - 70) + -4)?
-72
What is the value of 2 + (14 + -116 + 13 - (-2 - 11 - -4))?
-78
Calculate -671 - -611 - ((-34 - -8) + 6).
-40
Evaluate (1 - 67) + 6 + 12 + 2 + -6 + -4.
-56
2 + (1 - 140) + (23729 - 23695)
-103
-4 - (1 + -17 - -4) - (27 - (4 - -11))
-4
Evaluate -4 - -4 - (1 + 6 + -12 + 2 + 9).
-6
What is (-3 - -30) + 2 + (-111 - -116)?
34
-107 + 69 + (-48 - (-5 + -8))
-73
Calculate -73 + (16 - -68) - ((0 - 2) + -79).
92
Evaluate -2 - (28 + (19 + -52 - -13) + (-8 - 1)).
-1
What is the value of 13 + -2 + 2 - (1395 - 1392)?
10
What is 13 + 2 + 4 - (-2 + 33)?
-12
Calculate (-65 - -103) + -59 - 23.
-44
What is the value of 120 - (135 + 41 + -30)?
-26
What is the value of 1 + 30 - (7 + 21 + -11)?
14
What is 1237 + -1247 - (-1 + -20)?
11
(0 - -3) + 0 + (7 - 42) + 48
16
Calculate -1 - -4 - (-30 + 16 - -3).
14
Calculate -58 + 26 + 0 - (82 - -1).
-115
14 - (49 + 29 + 17 + -160)
79
What is the value of 44 + 9 + 2 + 13 + -5?
63
Evaluate -117 + 209 + 27 - 13.
106
What is 24 + -9 + (-2 + -2 - (-2 + (19 - 22)))?
16
What is the value of 45 - (27 + 27 - 55)?
46
What is the value of -24 + -5 + 33 + (47 - 43)?
8
-16 - ((27 - 17) + (10 - (-24 - 11)))
-71
What is (-44 - -184 - 64) + (1 - 29)?
48
What is -72 - (2 + -15 + (7 - 1)) - (1 + -3)?
-63
What is (41 - -42) + -9 + -5 + 12?
81
5 - ((-11 + 8 - -8) + 0) - -16
16
Evaluate -34 + ((3 - 13) + -8 - (-4 - 5)).
-43
What is (2 - 0 - 0) + 48966 + -48904?
64
What is the value of (-1190 - -1246) + -9 + 1?
48
What is the value of 13 - 5 - 14 - (8 + 31 + -114)?
69
Evaluate (-2 - (24 + -8 + -6)) + -4 + -22.
-38
Calculate -12 + (42 - 11) + 1 - (-9 - -7).
22
13 + (-49 - ((4 - -24) + 43))
-107
Calculate 9 + -15 + 17 + (-1 - 22) + -5 + 13.
-4
What is (10 + -4 - -21) + 64?
91
Evaluate 3788 + -3813 + (-2 + 35 - 1).
7
What is -134 + 184 - (-35 + 30)?
55
Evaluate 2 + (-36 - 1) + 35110 + -35022.
53
62 - (-12 + -7 + -1 + 23)
59
Evaluate -24 + 97 + -3 + -66.
4
Evaluate 4 + 79 - (39 + 26 + -66).
84
What is (-83 - (-68 + (-44 - -68))) + -39?
-78
Evaluate -15 - (-17 + (31 - 10) + 21).
-40
What is the value of -5 + 18 - 74 - (6 + (-18 - 0))?
-49
What is the value of -1 + -13 - (10 - (-5 - -20))?
-9
What is the value of -31 + (11 - 5) + 18 + -16 + -14?
-37
What is 27 - (-7 + -46 + 73)?
7
What is the value of -68 - -43 - -38 - 57?
-44
Evaluate (4 - (7 + -5 + -1)) + 14 + -24 + 104.
97
Calculate (5 - 3) + -14 + 9 + -12 + 8 - 130.
-137
What is -45 + 0 - (-2662 + 2715)?
-98
Calculate -36 - (-59 - (-94 + 38)).
-33
Calculate 76 + -61 - (-1 + 13 - (326 - 373)).
-44
Calculate 37 - (25 + (-46 - -16) + (0 - 2)).
44
What is the value of -101 + 21 + 17 + 24 + 20?
-19
59 - -17 - (-28 - -86)
18
Calculate 74 + -10 + 11 + 32 + (-6 - 6).
95
What is 0 + 0 + 4 - -3 - (1086 + -1067)?
-12
Calculate 0 + 54 + (26 - 36).
44
Calculate 0 + (102 - -46 - 22).
126
Calculate 20 + 96 + (-57 - 62).
-3
What is the value of (3 + -2 - -2) + -50 + -49 + 84?
-12
3 - 9 - 2 - -10 - -8 - (-12 - 9)
31
What is the value of (-12 - -4 - (-215 + 261)) + (13 - -3)?
-38
Evaluate 27 - ((0 - -3 - 4) + (-21 + 3 - -28)).
18
-19 + (1 - -34) + 26 - (1 - (9 - 3))
47
What is -12 + -18 + 44 + -2 + 7?
19
4 + -2 - 75 - (23 + (-45 + -2 - -35))
-84
What is 10 + -3 + -26 + 16 + -113 + 4 + -10?
-122
What is 7 + (-7 - ((0 - 0) + (44 - 49)))?
5
Evaluate 13 - (-7 + 0 + 8 + -2) - (83 + -69).
0
What is the value of -760 + 841 + 2 + 4 + -2?
85
What is -10 + (103 - 10) + 4 - (-1 + (6 - 8))?
90
Evaluate -44 + -51 + 1 - (3 - 21).
-76
Calculate 109 - (-8 + 83) - (3 - 11).
42
Evaluate 8876 + -8773 + -5 + 2.
100
What is -68 + 59 + (-64 - -94)?
21
Evaluate -128 - (-218 + (-95 - -38)).
147
Evaluate -29 + 14 + -29 + -37.
-81
7 - (2 - -8 - (235 - 219))
13
What is the value of 5 + 2 + (20 - -5) - (-24 - (16 + -41))?
31
Evaluate (-26 - -17 - -34) + -17 - (-1 + 55 - 1).
-45
(10 - (8 - (-31 - -13 - -18))) + (-1 - -13)
14
Evaluate -3 + -2 + (-30 + 16 - -5) + 31.
17
Evaluate -1735 + 1773 - (56 + -3).
-15
138 - 129 - (78 - (-8 - (-12 + 2)))
-67
Evaluate 93 - (155 - 32) - (86 - 5).
-111
Evaluate (9 + -20 - -9) + (1 - 2) + -10.
-13
-1 + -6 - (-187 + 39 - -60)
81
Evaluate -8 + (-1 - (4 + 5)) - (30 - 16).
-32
Evaluate -5 + (4 - 4) + (-84 + 19 - -57).
-13
0 -